{"id":272,"date":"2023-09-02T10:33:33","date_gmt":"2023-09-02T08:33:33","guid":{"rendered":"https:\/\/musesenscene.fr\/?page_id=272"},"modified":"2025-07-14T12:02:27","modified_gmt":"2025-07-14T10:02:27","slug":"272-2","status":"publish","type":"page","link":"https:\/\/musesenscene.fr\/index.php\/272-2\/","title":{"rendered":"Ateliers th\u00e9\u00e2tre"},"content":{"rendered":"<p>[et_pb_section fb_built=&#8221;1&#8243; _builder_version=&#8221;4.22.1&#8243; _module_preset=&#8221;default&#8221; module_alignment=&#8221;center&#8221; custom_margin=&#8221;-70px||||false|false&#8221; custom_padding=&#8221;41px|0px|13px|0px||&#8221; global_colors_info=&#8221;{}&#8221;][et_pb_row _builder_version=&#8221;4.22.1&#8243; _module_preset=&#8221;default&#8221; custom_padding=&#8221;||21px|||&#8221; global_colors_info=&#8221;{}&#8221;][et_pb_column type=&#8221;4_4&#8243; _builder_version=&#8221;4.22.1&#8243; _module_preset=&#8221;default&#8221; global_colors_info=&#8221;{}&#8221;][et_pb_text _builder_version=&#8221;4.22.1&#8243; _module_preset=&#8221;default&#8221; custom_padding=&#8221;||0px|||&#8221; global_colors_info=&#8221;{}&#8221;]<\/p>\n<h1 style=\"text-align: center;\">NOS ATELIERS THEATRE<\/h1>\n<p>[\/et_pb_text][et_pb_text _builder_version=&#8221;4.22.1&#8243; _module_preset=&#8221;default&#8221; custom_padding=&#8221;9px|||||&#8221; global_colors_info=&#8221;{}&#8221;]<\/p>\n<p>Les ateliers mettent l&#8217;accent sur l&#8217;exploration individuelle et l&#8217;Histoire du th\u00e9\u00e2tre \u00e0 la d\u00e9couverte des grands textes du r\u00e9pertoire. Chaque enfant est encourag\u00e9 \u00e0 trouver sa voie et \u00e0 se d\u00e9couvrir en tant qu&#8217;artiste.<\/p>\n<p>Ils offrent aux enfants la possibilit\u00e9 de s&#8217;exprimer librement et de cultiver leur confiance en soi.<\/p>\n<p>A l&#8217;issue de ces ateliers, les enfants pr\u00e9senteront une cr\u00e9ation originale \u00e0 l\u2019Espace Vasarely en juin 2026.<\/p>\n<p>[\/et_pb_text][\/et_pb_column][\/et_pb_row][et_pb_row column_structure=&#8221;1_2,1_2&#8243; _builder_version=&#8221;4.22.1&#8243; _module_preset=&#8221;default&#8221; custom_padding=&#8221;0px||12px|||&#8221; collapsed=&#8221;off&#8221; global_colors_info=&#8221;{}&#8221;][et_pb_column type=&#8221;1_2&#8243; _builder_version=&#8221;4.22.1&#8243; _module_preset=&#8221;default&#8221; global_colors_info=&#8221;{}&#8221;][et_pb_blurb title=&#8221;ATELIERS De 11 \u00e0 13 ans&#8221; use_icon=&#8221;on&#8221; font_icon=&#8221;&#xf1ae;||fa||900&#8243; icon_color=&#8221;#001e62&#8243; admin_label=&#8221;Class&#8221; _builder_version=&#8221;4.22.1&#8243; header_font=&#8221;Muses_Rosie_Regular|600|||||||&#8221; header_text_align=&#8221;center&#8221; header_text_color=&#8221;#001E62&#8243; header_font_size=&#8221;18px&#8221; header_line_height=&#8221;1.3em&#8221; body_font=&#8221;MUSES_SIFONN_PRO||||||||&#8221; body_text_align=&#8221;center&#8221; body_text_color=&#8221;#001E62&#8243; body_line_height=&#8221;1.8em&#8221; background_color=&#8221;#FCDE00&#8243; custom_margin=&#8221;|||&#8221; custom_padding=&#8221;40px|30px|40px|30px&#8221; animation_style=&#8221;fade&#8221; animation=&#8221;off&#8221; border_radii=&#8221;on|6px|6px|6px|6px&#8221; box_shadow_style=&#8221;preset1&#8243; box_shadow_vertical=&#8221;10px&#8221; box_shadow_blur=&#8221;24px&#8221; box_shadow_spread=&#8221;6px&#8221; box_shadow_color=&#8221;rgba(0,0,0,0.06)&#8221; locked=&#8221;off&#8221; global_colors_info=&#8221;{}&#8221;]<\/p>\n<p><span>Tous les mercredi de 14h00 \u00e0 15h45 hors vacances scolaires \u00e0 partir du mercredi 24 septembre 2025.<\/span><\/p>\n<p><strong>Espace VASARELY &#8211; ATELIER JAUNE<\/strong><span><\/span><span><\/span><span><\/span><\/p>\n<p class=\"p2\" style=\"text-align: center;\"><span class=\"s1\">Place des Anciens Combattants d\u2019Afrique du Nord<o:p><\/o:p><\/span><\/p>\n<p class=\"p2\" style=\"text-align: center;\"><span class=\"s1\">92160 ANTONY<o:p><\/o:p><\/span><\/p>\n<p><span><\/span><\/p>\n<p>[\/et_pb_blurb][\/et_pb_column][et_pb_column type=&#8221;1_2&#8243; _builder_version=&#8221;4.22.1&#8243; _module_preset=&#8221;default&#8221; global_colors_info=&#8221;{}&#8221;][et_pb_blurb title=&#8221;ATELIERS De 9 \u00e0 11 ans&#8221; use_icon=&#8221;on&#8221; font_icon=&#8221;&#xf183;||fa||900&#8243; icon_color=&#8221;#001e62&#8243; admin_label=&#8221;Class&#8221; _builder_version=&#8221;4.22.1&#8243; header_font=&#8221;Muses_Rosie_Regular|600|||||||&#8221; header_text_align=&#8221;center&#8221; header_text_color=&#8221;#001E62&#8243; header_font_size=&#8221;18px&#8221; header_line_height=&#8221;1.3em&#8221; body_font=&#8221;MUSES_SIFONN_PRO||||||||&#8221; body_text_align=&#8221;center&#8221; body_text_color=&#8221;#001E62&#8243; body_line_height=&#8221;1.8em&#8221; background_color=&#8221;#FCDE00&#8243; custom_margin=&#8221;|||&#8221; custom_padding=&#8221;40px|30px|40px|30px&#8221; animation_style=&#8221;fade&#8221; animation=&#8221;off&#8221; border_radii=&#8221;on|6px|6px|6px|6px&#8221; box_shadow_style=&#8221;preset1&#8243; box_shadow_vertical=&#8221;10px&#8221; box_shadow_blur=&#8221;24px&#8221; box_shadow_spread=&#8221;6px&#8221; box_shadow_color=&#8221;rgba(0,0,0,0.06)&#8221; locked=&#8221;off&#8221; global_colors_info=&#8221;{}&#8221;]<\/p>\n<p><span>Tous les mercredi de 16h00 \u00e0 17h45 hors vacances scolaires \u00e0 partir du mercredi 24 septembre 2025.<\/span><\/p>\n<p><strong>Espace VASARELY &#8211; ATELIER JAUNE<\/strong><span><\/span><\/p>\n<p class=\"p2\" style=\"text-align: center;\"><span class=\"s1\">Place des Anciens Combattants d\u2019Afrique du Nord<o:p><\/o:p><\/span><\/p>\n<p class=\"p2\" style=\"text-align: center;\"><span class=\"s1\">92160 ANTONY<\/span><\/p>\n<p><span><\/span><\/p>\n<p>[\/et_pb_blurb][\/et_pb_column][\/et_pb_row][\/et_pb_section][et_pb_section fb_built=&#8221;1&#8243; _builder_version=&#8221;4.22.1&#8243; _module_preset=&#8221;default&#8221; custom_padding=&#8221;16px|0px|110px|0px||&#8221; global_colors_info=&#8221;{}&#8221;][\/et_pb_section]<\/p>\n","protected":false},"excerpt":{"rendered":"<p>NOS ATELIERS THEATRELes ateliers mettent l&#8217;accent sur l&#8217;exploration individuelle et l&#8217;Histoire du th\u00e9\u00e2tre \u00e0 la d\u00e9couverte des grands textes du r\u00e9pertoire. Chaque enfant est encourag\u00e9 \u00e0 trouver sa voie et \u00e0 se d\u00e9couvrir en tant qu&#8217;artiste. Ils offrent aux enfants la possibilit\u00e9 de s&#8217;exprimer librement et de cultiver leur confiance en soi. A l&#8217;issue de [&hellip;]<\/p>\n","protected":false},"author":1,"featured_media":0,"parent":0,"menu_order":0,"comment_status":"closed","ping_status":"closed","template":"","meta":{"_et_pb_use_builder":"on","_et_pb_old_content":"","_et_gb_content_width":"","footnotes":""},"class_list":["post-272","page","type-page","status-publish","hentry"],"_links":{"self":[{"href":"https:\/\/musesenscene.fr\/index.php\/wp-json\/wp\/v2\/pages\/272","targetHints":{"allow":["GET"]}}],"collection":[{"href":"https:\/\/musesenscene.fr\/index.php\/wp-json\/wp\/v2\/pages"}],"about":[{"href":"https:\/\/musesenscene.fr\/index.php\/wp-json\/wp\/v2\/types\/page"}],"author":[{"embeddable":true,"href":"https:\/\/musesenscene.fr\/index.php\/wp-json\/wp\/v2\/users\/1"}],"replies":[{"embeddable":true,"href":"https:\/\/musesenscene.fr\/index.php\/wp-json\/wp\/v2\/comments?post=272"}],"version-history":[{"count":15,"href":"https:\/\/musesenscene.fr\/index.php\/wp-json\/wp\/v2\/pages\/272\/revisions"}],"predecessor-version":[{"id":446,"href":"https:\/\/musesenscene.fr\/index.php\/wp-json\/wp\/v2\/pages\/272\/revisions\/446"}],"wp:attachment":[{"href":"https:\/\/musesenscene.fr\/index.php\/wp-json\/wp\/v2\/media?parent=272"}],"curies":[{"name":"wp","href":"https:\/\/api.w.org\/{rel}","templated":true}]}}